 Calculate v(d).
0
Let w(a) = a**3 + 47*a + 4 + 8*a**2 - 3*a**2 - 101*a + 57*a. Determine w(-5).
-11
Let v(j) = -j - 2. Suppose 0 = -5*n + n + f + 18, 4*n = 3*f + 22. Let d be (n - 1/1) + -4 + -2. Determine v(d).
1
Let l(i) be the third derivative of i**5/60 + i**4/12 - i**3/3 + 38*i**2 - 3. Give l(5).
33
Suppose -i - 4*l + 4 = 2*i, -i - 2*l = 0. Suppose 0 = 4*k - i*b - 32, 3*k - 4*b = 40 - 12. Let t(f) = f**2 - 6*f + 5. Give t(k).
-3
Let d(a) = -a**3 - 5*a**2 + 6*a - 1. Let x(n) = -n**3 + 11*n**2 + 28*n - 32. Let i be x(13). Calculate d(i).
-1
Let x(w) = -6*w - 13. Let v be x(-3). Suppose 0 = -4*o + 107 - 35. Let u(a) = -o*a + 10*a + 7*a - 3. What is u(v)?
-8
Let c(h) = h**3 - 8*h**2 - h + 14. Suppose r = 3*i - i - 16, -32 = -4*i + r. Calculate c(i).
6
Let l(z) = 7*z - 91. Let p be l(13). Let y(j) = 0*j + 3*j**2 - 4 - 4*j**2 + j. Calculate y(p).
-4
Suppose 0 = -47*z + 36*z + 22. Suppose 3*a = 4*a - 33. Suppose 2*t - 14 = -q, 3*q + z*t + t - a = 0. Let y(w) = -w**3 + 8*w**2 - 2. Determine y(q).
-2
Let b(k) = -3*k - 8. Let r(s) = -4 - s + 2 - 1. Let q(c) = 3*b(c) - 8*r(c). Let x be (1/(-3))/((-7)/147). Give q(x).
-7
Let x(o) = o**2 - 2*o - 6. Let r = -340 + 345. Give x(r).
9
Let k(d) = -41 + 20*d + 32 + 21 + 3*d**2. Calculate k(-6).
0
Let j be 5 + -1*0/2. Let c(s) be the third derivative of -s**6/120 + s**5/15 + 5*s**4/24 - 7*s**3/6 - 466*s**2 + 1. What is c(j)?
-7
Suppose -4*n + 2*n = -4*n. Suppose 20 = -5*z + 5*u - n*u, 2*z = 4*u. Let g(y) = y**3 + 8*y**2 + y + 9. Calculate g(z).
1
Let o(h) be the third derivative of h**6/90 - h**5/40 + h**4/24 + 4*h**2. Let u(z) be the second derivative of o(z). Let q = 58 - 56. Determine u(q).
13
Let x(w) = w**3 - 5*w**2 + 3*w - 8. Let v = 2713 + -2708. What is x(v)?
7
Let j(d) be the third derivative of d**5/60 + 5*d**4/24 - 5*d**3/6 - 11*d**2. Let o = 107 - 163. Let u be 2/9 - o/(-9). What is j(u)?
1
Let t be ((-2)/6)/((-356)/(-72) - 5). Let r be 4/t*(-18)/12. Let l(p) = 7*p - 1. Determine l(r).
-8
Let n(l) be the third derivative of -13*l**4/24 - l**3/3 - 136*l**2. Give n(1).
-15
Suppose 24*a - 19*a - 30 = 0. Suppose -3 = 3*k - a*k. Let f(g) = 0*g + 3 + k - g. What is f(0)?
4
Let p(c) = -2*c + 1. Let o(u) = 22*u. Let y(g) = o(g) + 6*p(g). Give y(-4).
-34
Let w be 170/25 + -1*(-3)/15. Let k(q) = -q + 7. Let j be k(w). Let d(z) = -z + 12. Determine d(j).
12
Let k(b) be the second derivative of -b**5/20 + b**3/3 - 21*b**2/2 - 42*b. Let d(j) be the first derivative of k(j). Determine d(3).
-25
Let v(m) = -2*m**2 + 5*m + 7. Let o(f) = -f**2 + 4*f + 6. Let i = 58 - 63. Let a(t) = i*o(t) + 4*v(t). Give a(2).
-14
Let c(v) = -v**3 + 2*v**2 + v. Let g be c(2). Let q(z) = -z**3 + 10 - 9 + g. Suppose -5*p - 15 = -2*r, 2*p + 0*p = 4*r - 6. Calculate q(r).
3
Let v(z) be the third derivative of z**5/30 + 13*z**4/24 + 5*z**3/6 - 7*z**2. Let q(a) = 3*a**2 + 19*a + 8. Let f(g) = -5*q(g) + 7*v(g). Determine f(-4).
-5
Let p be (-1 - -2)/((-8)/(-144)*6). Let n(w) = -25*w - p - w**2 + 2 + 23*w - 18*w**3. What is n(-1)?
18
Suppose 0*u - 56 = -u. Let g(r) = -r + u + r**3 - 54 - 2*r**3. Determine g(0).
2
Let a(s) be the first derivative of -5*s + s**3 - 1 + 0*s + 0*s. Let w(i) be the first derivative of a(i). Calculate w(1).
6
Let k(x) = -3*x**2 + x - 3. Suppose n - 2 - 2 = 0. Let r(a) = 1 - 2 + a - n*a**2 + 5*a**2 - 2*a**2. Let f(z) = -2*k(z) + 5*r(z). What is f(-4)?
5
Let w(f) = -6*f + 4. Let v(z) = 5*z - 4. Let k(b) = -3*v(b) - 2*w(b). Calculate k(7).
-17
Let n(v) = -v**3 + 6*v**2 + 6*v - 7. Let d be n(5). Let t = -41 + d. Let r(j) = j**3 - 6*j**2 - 7*j + 3. Give r(t).
3
Suppose 7*z + 368 = 375. Let i(m) = 3*m**3 - 3*m**2 + 4*m - 4. Let l(b) = -5*b + 8*b**2 - 6*b - 5*b**3 + 11 - 3*b**3. Let a(k) = -11*i(k) - 4*l(k). Give a(z).
0
Suppose 0 = 3*y - 2 - 7. Let a(d) be the third derivative of -d**4/24 - d**3/2 - 10*d**2. Give a(y).
-6
Let q = -37 - -37. Suppose -4*h + 3*z - 18 = q, -2*z - 9 = h - 5*z. Let u(l) be the first derivative of 3*l**2 + 3*l + 1. Determine u(h).
-15
Let b(w) = -w. Let k be (-1 - 1) + 14/7. Suppose 6*z - 2*z = k. Suppose 3*g + 3*o + 3 = -z*o, -2*g - o - 3 = 0. Determine b(g).
2
Suppose -3*q - 27 = 4*w, q + 20 = 3*w + 24. Let v(x) = 2*x - 1. Determine v(q).
-11
Let z(f) = -f**2 - 5*f - 2. Let b(w) = -4*w**2 - 1. Let s be b(1). Let x be (0 + s)/(1 - 0). Give z(x).
-2
Let t(w) be the third derivative of -w**9/60480 + w**8/4032 - w**7/2520 + w**6/180 + 11*w**5/60 + 15*w**2. Let m(c) be the third derivative of t(c). Give m(5).
-6
Let h(y) = 11*y**2 + 4*y - 9. Let v(u) = 5*u**2 + 2*u - 4. Let t(r) = -3*h(r) + 7*v(r). Suppose 3*f = 3*n, 4*f - 2*n = -n - 6. Determine t(f).
3
Let j = 298 + -294. Let w(o) = o**2 + o + 3. What is w(j)?
23
Let o(t) = t - 5. Let w = 22 + -19. Suppose -w*f + f = -30. Let u = 19 - f. Give o(u).
-1
Let j(x) = -x**3 + 7*x**2 - 8*x + 3. Suppose -12*f + 18 + 42 = 0. Suppose -3*z - 2*y = -16, z - 2*y = -f*y + 3. What is j(z)?
-9
Let g(p) = -p - 2. Let j = -56 - -59. Let s be -1 + 3 - j - (-1 - -2). Give g(s).
0
Suppose 0 = 3*l + 2*b - 33, 0 = -4*l - b + 4*b + 27. Let s(q) = -q + 0*q**3 + 2*q**3 - 14*q**2 + 13*q**2 - q**3 + l. What is s(0)?
9
Let j(d) = -d**3 - 6*d**2 + 8*d + 7. Suppose -4*r - 26 = 2. Let m be j(r). Let l(n) = -9 - 10*n**2 - 4*n**2 + 13*n**2. What is l(m)?
-9
Let k(g) = -16*g**2 + 47*g + 1. Let q(f) = -3*f**2 + 9*f. Let r(i) = -2*k(i) + 11*q(i). What is r(3)?
4
Let i(t) = 3*t**2 - 3*t + 1. Let y be 2*-1*((-3)/3 - 0). Determine i(y).
7
Suppose 25 = 2*m + 3*n, -32 = -2*m + n - 27. Let u(o) = o**2 - 3*o - 4. What is u(m)?
6
Let u(y) = -7*y**2 + 4*y + y**3 - 9 - 7*y + 10*y. Let x(m) = -6*m. Let l be x(-1). Determine u(l).
-3
Let t(p) = 4*p - 1. Let h(g) = -g**3 + 11*g**2 - 10*g + 6. Let f be h(10). Suppose f = -u - u. Let i be 2/u*(-18)/(-4). Calculate t(i).
-13
Let u(q) = 2*q + 6. Suppose 4*y - 43 = -5*w, -5*y + 12 = 2*w - 12. Let k(c) = -c**2 + 8*c - 11. Let l be k(w). Determine u(l).
-2
Let t(b) = b**3 + 6*b**2 + 7*b + 9. Suppose -4*x - 23 = -3*u, -x - 12 = -5*u - 2. Calculate t(x).
-1
Let l(i) = 4*i + 8. Let c(q) = 7*q + 7 + 8*q - 12*q. Let g(n) = n**3 + 4*n**2 + 4*n + 2. Let t be g(-2). Let b(a) = t*l(a) - 3*c(a). Calculate b(0).
-5
Let p be ((-42)/(-8))/(9/24). Suppose -17 = -5*x - 4*t + t, -3*x + p = -2*t. Let i(u) = u**2 - 4*u - 4. Give i(x).
-4
Let q(m) = -82*m**3 + m**2 + m + 1. Let c be q(-1). Let u = 77 - c. Let s(y) = -y**2 - 10*y - 9. Calculate s(u).
15
Let d(c) = -2*c**3 - 7*c**2 - 8*c - 6. Let n(k) = 5*k**3 + 14*k**2 + 17*k + 16. Let u(w) = 7*d(w) + 3*n(w). Determine u(7).
-29
Let q(y) = 5*y**2 - 3*y. Suppose 1 = u - 0*u. Suppose 0 = -4*j - 2*m - 3*m - u, -3*j = 5*m + 7. Let o(d) = -d**2 + 6*d + 2. Let i be o(j). What is q(i)?
14
Suppose 6 = -0*v - 2*v. Suppose -5*h = 20, -4*l - 3*h = l - 3. Let d(z) = -4 + z**2 + 2 + 2*z + l. Give d(v).
4
Let w(o) = 3*o + 5. Let k be (8/16)/(73/(-74) - -1). Let x = -41 + k. What is w(x)?
-7
Let k(z) = z**3 + z - 15. Suppose 8*q = -3*q. Calculate k(q).
-15
Let z(c) be the first derivative of c**4/4 - 5*c**3/3 + 3*c**2 - 6*c + 80. Calculate z(4).
2
Let m(d) be the first derivative of 0*d**3 + 0*d + 0*d**2 + 9/2*d**4 - 11. Calculate m(-1).
-18
Let s(a) = -a**2 + a + 15. Let v be s(5). Let k(g) = 7*g - 3. Let q(z) = -3*z + 1. Let l(y) = v*q(y) - 2*k(y). What is l(5)?
6
Let r(i) = i**2 + 5*i + 1. Let w be r(-6). Let q(y) be the first derivative of -y**3/3 + 4*y**2 - 5*y + 46. What is q(w)?
2
Let z(c) = -6 + c**2 - c - 4 + 0. Suppose 1 = 3*r - x, 0 = -0*r - 4*r - 4*x - 4. Let q(g) = -g**2. Let y be q(r). Calculate z(y).
-10
Let i(b) = 15*b - 206. Let s be i(14). Let d(w) be the second derivative of 5*w**3/6 - 2*w**2 + 2*w. Calculate d(s).
16
Suppose -11 + 8 = -k. Let h(i) = -4 + 37*i**2 - 9*i - 1 + i**k - 15*i**2 - 14*i**2. Determine h(-9).
-5
Let q = -193 - -199. Let s(f) be the third derivative of f**5/60 - f**4/3 + f**3/3 + 2*f**2. Calculate s(q).
-10
Let z = -24 + 26. Let g(h) = 0*h + 1 - 2*h + 5*h + 4*h**z. What is g(-2)?
11
Let y(k) be the first derivative of k**3/3 + k**2/2 - 3*k - 43. Determine y(4).
17
Let u(c) = 0*c - 102 + 36 + 35 - 2*c + 41. Determine u(7).
-4
Let w(m) = 15*m + 2. Let h(p) = -3*p - 2. Let y(q) = -2*q - 1. Let c(u) = -6*h(u) + 13*y(u). Let k(t) = -11*c(t) - 6*w(t). Suppose s + 1 = 3. Calculate k(s).
-5
L